{"id":421,"date":"2023-02-08T15:29:07","date_gmt":"2023-02-08T14:29:07","guid":{"rendered":"https:\/\/www.profession.hu\/rolunk\/?page_id=421"},"modified":"2023-06-16T17:46:47","modified_gmt":"2023-06-16T15:46:47","slug":"services","status":"publish","type":"page","link":"https:\/\/www.profession.hu\/rolunk\/services\/","title":{"rendered":"Services"},"content":{"rendered":"<div class=\"wpb-content-wrapper\"><p>[vc_row][vc_column][vc_column_text el_class=&#8221;video_box&#8221;]<div class=\"videokeretosszefogo\"><a class=\"ytvideokep\" data-ytid=\"C7QnC8ZGILI\" id=\"ytvideokep-C7QnC8ZGILI\" href=\"https:\/\/www.youtube.com\/embed\/C7QnC8ZGILI?autoplay=1\"><img decoding=\"async\" src=\"https:\/\/img.youtube.com\/vi\/C7QnC8ZGILI\/maxresdefault.jpg\" alt=\"Bemutatkoz\u00f3 vide\u00f3\" \/><span>\u25b6<\/span><\/a><iframe loading=\"lazy\" class=\"ytvideokeret\" id=\"ytvideokeret-C7QnC8ZGILI\" width=\"560\" height=\"315\" src=\"about:blank\" frameborder=\"0\" allow=\"accelerometer; autoplay; encrypted-media; gyroscope; picture-in-picture\" allowfullscreen><\/iframe><\/div>[\/vc_column_text][\/vc_column][\/vc_row][vc_row el_class=&#8221;szorny7after&#8221;][vc_column][vc_column_text]A Profession.hu Services \u00fczlet\u00e1g\u00e1ban azon dolgozunk, hogy fejvad\u00e1szainkkal, social media szak\u00e9rt\u0151inkkel \u00e9s \u00e9rt\u00e9kes\u00edt\u0151inkkel seg\u00edts\u00fck az \u00fcgyfeleinket abban, hogy megtal\u00e1lj\u00e1k a sz\u00e1mukra t\u00f6k\u00e9letes jel\u00f6lteket.[\/vc_column_text][\/vc_column][\/vc_row][vc_row content_placement=&#8221;middle&#8221; el_class=&#8221;col2_box&#8221; css=&#8221;.vc_custom_1671713551274{background-color: #ffffff !important;}&#8221;][vc_column width=&#8221;5\/12&#8243; css=&#8221;.vc_custom_1671713590232{padding-top: 0px !important;}&#8221;][vc_column_text css=&#8221;.vc_custom_1676790004046{margin-bottom: 0px !important;}&#8221; el_class=&#8221;text_block&#8221;]A Services div\u00edzi\u00f3 hetente egyszer tal\u00e1lkozik az irod\u00e1ban, a t\u00f6bbi munkanapon rugalmasan v\u00e1laszthatj\u00e1k koll\u00e9g\u00e1ink az otthoni munkav\u00e9gz\u00e9st. \u00c9rt\u00e9kes\u00edt\u0151inknek azonban heti rendszeress\u00e9ggel szem\u00e9lyes \u00fcgyf\u00e9ltal\u00e1lkoz\u00f3kat is be kell iktatniuk.[\/vc_column_text][\/vc_column][vc_column width=&#8221;7\/12&#8243; css=&#8221;.vc_custom_1671713586186{padding-top: 0px !important;}&#8221;][vc_single_image image=&#8221;60&#8243; img_size=&#8221;full&#8221; alignment=&#8221;right&#8221; css=&#8221;.vc_custom_1671550285117{margin-bottom: 0px !important;}&#8221;][\/vc_column][\/vc_row][vc_row el_id=&#8221;blog&#8221; css=&#8221;.vc_custom_1671713557339{margin-top: 70px !important;}&#8221;][vc_column css=&#8221;.vc_custom_1671719340409{padding-top: 0px !important;}&#8221;][vc_column_text css=&#8221;.vc_custom_1671719915767{margin-bottom: 20px !important;}&#8221;]<\/p>\n<h3 class=\"underline\">Tudj meg m\u00e9g t\u00f6bbet r\u00f3lunk&#8230;<\/h3>\n<p>[\/vc_column_text][vc_column_text]<div id=\"blog_posts\" class=\"row\"><div class=\"col-md-6 col-lg-4 col-xs-12 post_col\"><div class=\"row post_image_row\"><div class=\"col-md-12 col-lg-12 col-xs-12 post_image\"><a href=\"https:\/\/www.profession.hu\/rolunk\/2023\/02\/19\/mindenki-szamara-osztonzo-rendszert-biztosit-a-ceg\/\" title=\"\u201eMindenki sz\u00e1m\u00e1ra \u00f6szt\u00f6nz\u0151 rendszert biztos\u00edt a c\u00e9g\u201d\" class=\"post_title_link\"><div class=\"post_image_bg\" style=\"background-image: url(https:\/\/www.profession.hu\/rolunk\/wp-content\/uploads\/2023\/02\/montazs_services.jpg);\"><\/div><\/a><\/div><\/div><div class=\"row post_content_row\"><div class=\"col-md-12 col-lg-12 col-xs-12 post_content\"><a href=\"https:\/\/www.profession.hu\/rolunk\/2023\/02\/19\/mindenki-szamara-osztonzo-rendszert-biztosit-a-ceg\/\" title=\"\u201eMindenki sz\u00e1m\u00e1ra \u00f6szt\u00f6nz\u0151 rendszert biztos\u00edt a c\u00e9g\u201d\" class=\"post_title_link\">\u201eMindenki sz\u00e1m\u00e1ra \u00f6szt\u00f6nz\u0151 rendszert biztos\u00edt a c\u00e9g\u201d<\/a><div class=\"text_content\">A Profession.hu-n\u00e1l t\u00e1mogatjuk munkav\u00e1llal\u00f3inkat abban, hogy el\u00e9rj\u00e9k saj\u00e1t c\u00e9ljaikat.<\/div><p class=\"post_link\"><a href=\"https:\/\/www.profession.hu\/rolunk\/2023\/02\/19\/mindenki-szamara-osztonzo-rendszert-biztosit-a-ceg\/\" title=\"\u201eMindenki sz\u00e1m\u00e1ra \u00f6szt\u00f6nz\u0151 rendszert biztos\u00edt a c\u00e9g\u201d\" class=\"text_button\"><img decoding=\"async\" src=\"https:\/\/www.profession.hu\/rolunk\/wp-content\/uploads\/2022\/12\/nyil.svg\" width=\"15\" height=\"auto\" alt=\"\u00c9rdekel\"><\/a><\/p><\/div><\/div><\/div><div class=\"col-md-6 col-lg-4 col-xs-12 post_col\"><div class=\"row post_image_row\"><div class=\"col-md-12 col-lg-12 col-xs-12 post_image\"><a href=\"https:\/\/www.profession.hu\/rolunk\/2023\/02\/19\/a-profession-hu-t-tenyleg-lehet-progresszivkent-jellemezni-egy-allashirdetesben\/\" title=\"\u201eA Profession.hu-t t\u00e9nyleg lehet progressz\u00edvk\u00e9nt jellemezni egy \u00e1ll\u00e1shirdet\u00e9sben\u201d\" class=\"post_title_link\"><div class=\"post_image_bg\" style=\"background-image: url(https:\/\/www.profession.hu\/rolunk\/wp-content\/uploads\/2023\/02\/progressziv-munkahely.jpg);\"><\/div><\/a><\/div><\/div><div class=\"row post_content_row\"><div class=\"col-md-12 col-lg-12 col-xs-12 post_content\"><a href=\"https:\/\/www.profession.hu\/rolunk\/2023\/02\/19\/a-profession-hu-t-tenyleg-lehet-progresszivkent-jellemezni-egy-allashirdetesben\/\" title=\"\u201eA Profession.hu-t t\u00e9nyleg lehet progressz\u00edvk\u00e9nt jellemezni egy \u00e1ll\u00e1shirdet\u00e9sben\u201d\" class=\"post_title_link\">\u201eA Profession.hu-t t\u00e9nyleg lehet progressz\u00edvk\u00e9nt jellemezni egy \u00e1ll\u00e1shirdet\u00e9sben\u201d<\/a><div class=\"text_content\">Koll\u00e9g\u00e1ink mindig lelkesen fogadj\u00e1k az \u00faj\u00edt\u00f3 t\u00f6rekv\u00e9seinket.<\/div><p class=\"post_link\"><a href=\"https:\/\/www.profession.hu\/rolunk\/2023\/02\/19\/a-profession-hu-t-tenyleg-lehet-progresszivkent-jellemezni-egy-allashirdetesben\/\" title=\"\u201eA Profession.hu-t t\u00e9nyleg lehet progressz\u00edvk\u00e9nt jellemezni egy \u00e1ll\u00e1shirdet\u00e9sben\u201d\" class=\"text_button\"><img decoding=\"async\" src=\"https:\/\/www.profession.hu\/rolunk\/wp-content\/uploads\/2022\/12\/nyil.svg\" width=\"15\" height=\"auto\" alt=\"\u00c9rdekel\"><\/a><\/p><\/div><\/div><\/div><div class=\"col-md-6 col-lg-4 col-xs-12 post_col\"><div class=\"row post_image_row\"><div class=\"col-md-12 col-lg-12 col-xs-12 post_image\"><a href=\"https:\/\/www.profession.hu\/rolunk\/2023\/02\/19\/toletek-hiteles-forrasbol-megkapunk-mindent\/\" title=\"\u201eT\u0151letek hiteles forr\u00e1sb\u00f3l megkapunk mindent\u201d\" class=\"post_title_link\"><div class=\"post_image_bg\" style=\"background-image: url(https:\/\/www.profession.hu\/rolunk\/wp-content\/uploads\/2023\/02\/profession-iroda027.jpg);\"><\/div><\/a><\/div><\/div><div class=\"row post_content_row\"><div class=\"col-md-12 col-lg-12 col-xs-12 post_content\"><a href=\"https:\/\/www.profession.hu\/rolunk\/2023\/02\/19\/toletek-hiteles-forrasbol-megkapunk-mindent\/\" title=\"\u201eT\u0151letek hiteles forr\u00e1sb\u00f3l megkapunk mindent\u201d\" class=\"post_title_link\">\u201eT\u0151letek hiteles forr\u00e1sb\u00f3l megkapunk mindent\u201d<\/a><div class=\"text_content\">A Profession.hu Services \u00fczlet\u00e1g\u00e1ban nem csak szolg\u00e1ltat\u00e1st \u00e9rt\u00e9kes\u00edt\u00fcnk, hanem igyeksz\u00fcnk legjobb tud\u00e1sunknak megfelel\u0151en seg\u00edteni \u00fcgyfeleinknek, hogy megtal\u00e1lj\u00e1k a legjobb jel\u00f6lteket.<\/div><p class=\"post_link\"><a href=\"https:\/\/www.profession.hu\/rolunk\/2023\/02\/19\/toletek-hiteles-forrasbol-megkapunk-mindent\/\" title=\"\u201eT\u0151letek hiteles forr\u00e1sb\u00f3l megkapunk mindent\u201d\" class=\"text_button\"><img decoding=\"async\" src=\"https:\/\/www.profession.hu\/rolunk\/wp-content\/uploads\/2022\/12\/nyil.svg\" width=\"15\" height=\"auto\" alt=\"\u00c9rdekel\"><\/a><\/p><\/div><\/div><\/div><\/div>[\/vc_column_text][\/vc_column][\/vc_row][vc_row css=&#8221;.vc_custom_1671715102135{margin-top: 80px !important;}&#8221;][vc_column width=&#8221;5\/12&#8243;][vc_single_image image=&#8221;910&#8243; img_size=&#8221;full&#8221; alignment=&#8221;center&#8221; css=&#8221;.vc_custom_1681464882573{margin-bottom: 15px !important;}&#8221;][vc_column_text]<\/p>\n<p style=\"text-align: center;\"><strong>Szigeti Nikoletta<\/strong><br \/>\nServices \u00dczlet\u00e1gvezet\u0151[\/vc_column_text][\/vc_column][vc_column width=&#8221;7\/12&#8243;][vc_row_inner][vc_column_inner width=&#8221;10\/12&#8243;][vc_column_text el_class=&#8221;idezojel&#8221;]A Profession Services szolg\u00e1ltat\u00e1sait haszn\u00e1lva egyetlen kapcsolattart\u00f3n kereszt\u00fcl el\u00e9rhet\u0151v\u00e9 v\u00e1lik az \u00f6sszes kiv\u00e1laszt\u00e1si folyamatot t\u00e1mogat\u00f3 eszk\u00f6z, illetve a 19 ezer \u00fcgyf\u00e9lt\u0151l \u00e9s t\u00f6bb mint 1,3 milli\u00f3s jel\u00f6lt adatb\u00e1zisb\u00f3l sz\u00e1rmaz\u00f3 legfrissebb munkaer\u0151piaci inform\u00e1ci\u00f3.[\/vc_column_text][\/vc_column_inner][vc_column_inner width=&#8221;2\/12&#8243;][vc_single_image image=&#8221;109&#8243; img_size=&#8221;full&#8221; el_class=&#8221;szornykerekbefore&#8221;][\/vc_column_inner][vc_column_inner][vc_column_text css=&#8221;.vc_custom_1681388959870{margin-bottom: 40px !important;}&#8221;]Partnereinknek olyan komplex vagy proakt\u00edv toborz\u00e1si csatorn\u00e1kat ig\u00e9nyl\u0151 projektekn\u00e9l tudunk seg\u00edts\u00e9get ny\u00fajtani, ahol egy passz\u00edv \u00e1ll\u00e1shirdet\u00e9s nem felt\u00e9tlen\u00fcl hoz megold\u00e1st. A Profession.hu teljes term\u00e9kpalett\u00e1j\u00e1t haszn\u00e1ljuk, hogy megtal\u00e1ljuk a legjobb jel\u00f6lteket. Amikor egy keres\u00e9s elindul, eg\u00e9szen a hirdet\u00e9st\u0151l az adatb\u00e1zis-keres\u00e9sen \u00e1t a klasszikus fejvad\u00e1szati csatorn\u00e1kon kereszt\u00fcl az online marketing tev\u00e9kenys\u00e9gig minden csatorn\u00e1t aktiv\u00e1lunk.[\/vc_column_text][\/vc_column_inner][\/vc_row_inner][\/vc_column][vc_column el_class=&#8221;ikon_osszefogo_blokk&#8221;][vc_row_inner el_class=&#8221;divizio_cimkek&#8221;][vc_column_inner width=&#8221;1\/4&#8243;][\/vc_column_inner][vc_column_inner width=&#8221;1\/4&#8243;][vc_single_image image=&#8221;530&#8243; img_size=&#8221;full&#8221;][\/vc_column_inner][vc_column_inner width=&#8221;1\/4&#8243;][vc_single_image image=&#8221;531&#8243; img_size=&#8221;full&#8221;][\/vc_column_inner][vc_column_inner width=&#8221;1\/4&#8243;][vc_single_image image=&#8221;532&#8243; img_size=&#8221;full&#8221;][\/vc_column_inner][\/vc_row_inner][\/vc_column][\/vc_row][vc_row css=&#8221;.vc_custom_1671716748452{margin-top: 50px !important;}&#8221;][vc_column width=&#8221;8\/12&#8243;][vc_row_inner equal_height=&#8221;yes&#8221; content_placement=&#8221;bottom&#8221; el_id=&#8221;mondatfelho&#8221;][vc_column_inner el_class=&#8221;small_right_pad&#8221; width=&#8221;1\/2&#8243;][vc_single_image image=&#8221;642&#8243; img_size=&#8221;full&#8221;][\/vc_column_inner][vc_column_inner el_class=&#8221;small_left_pad&#8221; width=&#8221;1\/2&#8243;][vc_single_image image=&#8221;643&#8243; img_size=&#8221;full&#8221;][\/vc_column_inner][vc_column_inner el_class=&#8221;flexstart_blokk small_right_pad&#8221; width=&#8221;1\/2&#8243;][vc_single_image image=&#8221;644&#8243; img_size=&#8221;full&#8221;][\/vc_column_inner][vc_column_inner el_class=&#8221;flexstart_blokk small_left_pad&#8221; width=&#8221;1\/2&#8243; el_id=&#8221;szornyecskebefore&#8221;][vc_single_image image=&#8221;645&#8243; img_size=&#8221;full&#8221;][\/vc_column_inner][\/vc_row_inner][\/vc_column][vc_column width=&#8221;4\/12&#8243; css=&#8221;.vc_custom_1675853067249{padding-top: 75px !important;}&#8221; el_id=&#8221;szofelho_blokk&#8221;][vc_column_text]<\/p>\n<h2 class=\"widgettitle\">Ezek vagyunk mi<\/h2>\n<p>[\/vc_column_text][vc_column_text]fejvad\u00e1szat<\/p>\n<p>social media<\/p>\n<p>\u00e9rt\u00e9kes\u00edt\u00e9s<\/p>\n<p>\u00f6n\u00e1ll\u00f3s\u00e1g<\/p>\n<p>felel\u0151ss\u00e9gtudat<\/p>\n<p>szak\u00e9rtelem<\/p>\n<p>izgalmas \u00fcgyfelek<\/p>\n<p>szoros kapcsolatok<\/p>\n<p>k\u00f6zvetlens\u00e9g<\/p>\n<p>rugalmass\u00e1g<\/p>\n<p>csapat\u00e9p\u00edt\u0151k<\/p>\n<p>c\u00e9lorient\u00e1lts\u00e1g<\/p>\n<p>biztos karrier\u00fat[\/vc_column_text][\/vc_column][\/vc_row][vc_row css=&#8221;.vc_custom_1671716969279{margin-top: 80px !important;}&#8221;][vc_column width=&#8221;8\/12&#8243;][vc_single_image image=&#8221;123&#8243; img_size=&#8221;full&#8221; alignment=&#8221;center&#8221; el_class=&#8221;haromszogek&#8221; css=&#8221;.vc_custom_1671719789809{margin-left: -100px !important;}&#8221;][\/vc_column][vc_column width=&#8221;4\/12&#8243; css=&#8221;.vc_custom_1671716187925{padding-top: 75px !important;}&#8221;][\/vc_column][\/vc_row]<\/p>\n<\/div>","protected":false},"excerpt":{"rendered":"<p>[vc_row][vc_column][vc_column_text el_class=&#8221;video_box&#8221;][\/vc_column_text][\/vc_column][\/vc_row][vc_row el_class=&#8221;szorny7after&#8221;][vc_column][vc_column_text]A Profession.hu Services \u00fczlet\u00e1g\u00e1ban azon dolgozunk, hogy fejvad\u00e1szainkkal, social media szak\u00e9rt\u0151inkkel \u00e9s \u00e9rt\u00e9kes\u00edt\u0151inkkel seg\u00edts\u00fck az \u00fcgyfeleinket abban, hogy megtal\u00e1lj\u00e1k a sz\u00e1mukra t\u00f6k\u00e9letes jel\u00f6lteket.[\/vc_column_text][\/vc_column][\/vc_row][vc_row content_placement=&#8221;middle&#8221; el_class=&#8221;col2_box&#8221; css=&#8221;.vc_custom_1671713551274{background-color: #ffffff !important;}&#8221;][vc_column width=&#8221;5\/12&#8243; css=&#8221;.vc_custom_1671713590232{padding-top: 0px !important;}&#8221;][vc_column_text css=&#8221;.vc_custom_1676790004046{margin-bottom: 0px !important;}&#8221; el_class=&#8221;text_block&#8221;]A Services div\u00edzi\u00f3 hetente egyszer tal\u00e1lkozik az irod\u00e1ban, a t\u00f6bbi munkanapon rugalmasan v\u00e1laszthatj\u00e1k koll\u00e9g\u00e1ink az otthoni munkav\u00e9gz\u00e9st. \u00c9rt\u00e9kes\u00edt\u0151inknek&#8230;<\/p>\n","protected":false},"author":1,"featured_media":274,"parent":0,"menu_order":0,"comment_status":"closed","ping_status":"closed","template":"","meta":{"_acf_changed":false,"footnotes":""},"class_list":["post-421","page","type-page","status-publish","hentry"],"acf":[],"yoast_head":"<!-- This site is optimized with the Yoast SEO Premium plugin v26.7 (Yoast SEO v26.7) - https:\/\/yoast.com\/wordpress\/plugins\/seo\/ -->\n<title>Services - R\u00f3lunk - Profession.hu<\/title>\n<meta name=\"robots\" content=\"index, follow, max-snippet:-1, max-image-preview:large, max-video-preview:-1\" \/>\n<link rel=\"canonical\" href=\"https:\/\/www.profession.hu\/rolunk\/services\/\" \/>\n<meta property=\"og:locale\" content=\"hu_HU\" \/>\n<meta property=\"og:type\" content=\"article\" \/>\n<meta property=\"og:title\" content=\"Services\" \/>\n<meta property=\"og:description\" content=\"[vc_row][vc_column][vc_column_text el_class=&#8221;video_box&#8221;][\/vc_column_text][\/vc_column][\/vc_row][vc_row el_class=&#8221;szorny7after&#8221;][vc_column][vc_column_text]A Profession.hu Services \u00fczlet\u00e1g\u00e1ban azon dolgozunk, hogy fejvad\u00e1szainkkal, social media szak\u00e9rt\u0151inkkel \u00e9s \u00e9rt\u00e9kes\u00edt\u0151inkkel seg\u00edts\u00fck az \u00fcgyfeleinket abban, hogy megtal\u00e1lj\u00e1k a sz\u00e1mukra t\u00f6k\u00e9letes jel\u00f6lteket.[\/vc_column_text][\/vc_column][\/vc_row][vc_row content_placement=&#8221;middle&#8221; el_class=&#8221;col2_box&#8221; css=&#8221;.vc_custom_1671713551274{background-color: #ffffff !important;}&#8221;][vc_column width=&#8221;5\/12&#8243; css=&#8221;.vc_custom_1671713590232{padding-top: 0px !important;}&#8221;][vc_column_text css=&#8221;.vc_custom_1676790004046{margin-bottom: 0px !important;}&#8221; el_class=&#8221;text_block&#8221;]A Services div\u00edzi\u00f3 hetente egyszer tal\u00e1lkozik az irod\u00e1ban, a t\u00f6bbi munkanapon rugalmasan v\u00e1laszthatj\u00e1k koll\u00e9g\u00e1ink az otthoni munkav\u00e9gz\u00e9st. \u00c9rt\u00e9kes\u00edt\u0151inknek...\" \/>\n<meta property=\"og:url\" content=\"https:\/\/www.profession.hu\/rolunk\/services\/\" \/>\n<meta property=\"og:site_name\" content=\"Profession.hu\" \/>\n<meta property=\"article:modified_time\" content=\"2023-06-16T15:46:47+00:00\" \/>\n<meta property=\"og:image\" content=\"https:\/\/www.profession.hu\/rolunk\/wp-content\/uploads\/2022\/12\/blog_001.jpg\" \/>\n\t<meta property=\"og:image:width\" content=\"948\" \/>\n\t<meta property=\"og:image:height\" content=\"547\" \/>\n\t<meta property=\"og:image:type\" content=\"image\/jpeg\" \/>\n<meta name=\"twitter:card\" content=\"summary_large_image\" \/>\n<meta name=\"twitter:label1\" content=\"Becs\u00fclt olvas\u00e1si id\u0151\" \/>\n\t<meta name=\"twitter:data1\" content=\"2 perc\" \/>\n<!-- \/ Yoast SEO Premium plugin. -->","yoast_head_json":{"title":"Services - R\u00f3lunk - Profession.hu","robots":{"index":"index","follow":"follow","max-snippet":"max-snippet:-1","max-image-preview":"max-image-preview:large","max-video-preview":"max-video-preview:-1"},"canonical":"https:\/\/www.profession.hu\/rolunk\/services\/","og_locale":"hu_HU","og_type":"article","og_title":"Services","og_description":"[vc_row][vc_column][vc_column_text el_class=&#8221;video_box&#8221;][\/vc_column_text][\/vc_column][\/vc_row][vc_row el_class=&#8221;szorny7after&#8221;][vc_column][vc_column_text]A Profession.hu Services \u00fczlet\u00e1g\u00e1ban azon dolgozunk, hogy fejvad\u00e1szainkkal, social media szak\u00e9rt\u0151inkkel \u00e9s \u00e9rt\u00e9kes\u00edt\u0151inkkel seg\u00edts\u00fck az \u00fcgyfeleinket abban, hogy megtal\u00e1lj\u00e1k a sz\u00e1mukra t\u00f6k\u00e9letes jel\u00f6lteket.[\/vc_column_text][\/vc_column][\/vc_row][vc_row content_placement=&#8221;middle&#8221; el_class=&#8221;col2_box&#8221; css=&#8221;.vc_custom_1671713551274{background-color: #ffffff !important;}&#8221;][vc_column width=&#8221;5\/12&#8243; css=&#8221;.vc_custom_1671713590232{padding-top: 0px !important;}&#8221;][vc_column_text css=&#8221;.vc_custom_1676790004046{margin-bottom: 0px !important;}&#8221; el_class=&#8221;text_block&#8221;]A Services div\u00edzi\u00f3 hetente egyszer tal\u00e1lkozik az irod\u00e1ban, a t\u00f6bbi munkanapon rugalmasan v\u00e1laszthatj\u00e1k koll\u00e9g\u00e1ink az otthoni munkav\u00e9gz\u00e9st. \u00c9rt\u00e9kes\u00edt\u0151inknek...","og_url":"https:\/\/www.profession.hu\/rolunk\/services\/","og_site_name":"Profession.hu","article_modified_time":"2023-06-16T15:46:47+00:00","og_image":[{"width":948,"height":547,"url":"https:\/\/www.profession.hu\/rolunk\/wp-content\/uploads\/2022\/12\/blog_001.jpg","type":"image\/jpeg"}],"twitter_card":"summary_large_image","twitter_misc":{"Becs\u00fclt olvas\u00e1si id\u0151":"2 perc"},"schema":{"@context":"https:\/\/schema.org","@graph":[{"@type":"WebPage","@id":"https:\/\/www.profession.hu\/rolunk\/services\/","url":"https:\/\/www.profession.hu\/rolunk\/services\/","name":"Services - R\u00f3lunk - Profession.hu","isPartOf":{"@id":"https:\/\/www.profession.hu\/rolunk\/#website"},"primaryImageOfPage":{"@id":"https:\/\/www.profession.hu\/rolunk\/services\/#primaryimage"},"image":{"@id":"https:\/\/www.profession.hu\/rolunk\/services\/#primaryimage"},"thumbnailUrl":"https:\/\/www.profession.hu\/rolunk\/wp-content\/uploads\/2022\/12\/blog_001.jpg","datePublished":"2023-02-08T14:29:07+00:00","dateModified":"2023-06-16T15:46:47+00:00","breadcrumb":{"@id":"https:\/\/www.profession.hu\/rolunk\/services\/#breadcrumb"},"inLanguage":"hu","potentialAction":[{"@type":"ReadAction","target":["https:\/\/www.profession.hu\/rolunk\/services\/"]}]},{"@type":"ImageObject","inLanguage":"hu","@id":"https:\/\/www.profession.hu\/rolunk\/services\/#primaryimage","url":"https:\/\/www.profession.hu\/rolunk\/wp-content\/uploads\/2022\/12\/blog_001.jpg","contentUrl":"https:\/\/www.profession.hu\/rolunk\/wp-content\/uploads\/2022\/12\/blog_001.jpg","width":948,"height":547},{"@type":"BreadcrumbList","@id":"https:\/\/www.profession.hu\/rolunk\/services\/#breadcrumb","itemListElement":[{"@type":"ListItem","position":1,"name":"vissza a R\u00f3lunk oldalra","item":"https:\/\/www.profession.hu\/rolunk\/"},{"@type":"ListItem","position":2,"name":"Services"}]},{"@type":"WebSite","@id":"https:\/\/www.profession.hu\/rolunk\/#website","url":"https:\/\/www.profession.hu\/rolunk\/","name":"Profession.hu","description":"R\u00f3lunk","potentialAction":[{"@type":"SearchAction","target":{"@type":"EntryPoint","urlTemplate":"https:\/\/www.profession.hu\/rolunk\/?s={search_term_string}"},"query-input":{"@type":"PropertyValueSpecification","valueRequired":true,"valueName":"search_term_string"}}],"inLanguage":"hu"}]}},"_links":{"self":[{"href":"https:\/\/www.profession.hu\/rolunk\/wp-json\/wp\/v2\/pages\/421","targetHints":{"allow":["GET"]}}],"collection":[{"href":"https:\/\/www.profession.hu\/rolunk\/wp-json\/wp\/v2\/pages"}],"about":[{"href":"https:\/\/www.profession.hu\/rolunk\/wp-json\/wp\/v2\/types\/page"}],"author":[{"embeddable":true,"href":"https:\/\/www.profession.hu\/rolunk\/wp-json\/wp\/v2\/users\/1"}],"replies":[{"embeddable":true,"href":"https:\/\/www.profession.hu\/rolunk\/wp-json\/wp\/v2\/comments?post=421"}],"version-history":[{"count":14,"href":"https:\/\/www.profession.hu\/rolunk\/wp-json\/wp\/v2\/pages\/421\/revisions"}],"predecessor-version":[{"id":529,"href":"https:\/\/www.profession.hu\/rolunk\/wp-json\/wp\/v2\/pages\/421\/revisions\/529"}],"wp:featuredmedia":[{"embeddable":true,"href":"https:\/\/www.profession.hu\/rolunk\/wp-json\/wp\/v2\/media\/274"}],"wp:attachment":[{"href":"https:\/\/www.profession.hu\/rolunk\/wp-json\/wp\/v2\/media?parent=421"}],"curies":[{"name":"wp","href":"https:\/\/api.w.org\/{rel}","templated":true}]}}